. Let w be 1/(-6) + 294/f. Suppose -w*s - 113 = -313. What is the units digit of s?
5
Let y(o) = 52 - 23 + o - 23. Let h be y(-6). Suppose -2*d - 34 - 6 = -m, 5*m + 4*d - 270 = h. What is the units digit of m?
0
Let k(w) = 7*w**3 - 7*w**2 - 20*w + 136. Let c be k(14). Suppose 0 = 38*q - 2790 - c. What is the units digit of q?
9
Let c = -29 - -20. What is the tens digit of (-7)/(252/(-14464)) + (-2)/c?
0
Suppose 4*v - 3*d + 33 = 0, -2*d + d + 55 = -5*v. Let m(r) = 3*r**2 + 20*r + 26. What is the hundreds digit of m(v)?
2
Let b(z) = 26015*z**3 + 8*z**2 - 2*z + 3. What is the ten thousands digit of b(1)?
2
Let y(o) = 2*o + 19. Let v(t) = t**3 + 2*t**2 - 2. Let z be v(-3). Let r be y(z). What is the units digit of ((-950)/(-15))/((-2)/r)?
5
What is the units digit of (-651)/(-1519) + (-119256)/(-7)?
7
Let q be -7 - (8 + 1 + -4). What is the hundreds digit of -15062*1/(-18) + q/(-54)?
8
Suppose -2*b = -k + 21913, -4*k = 5*b - 123544 + 35866. What is the units digit of k?
7
Suppose -164*k + 232 = -162*k. Let h = 622 - k. What is the units digit of h?
6
Let l(x) = 68 + 54 + 42 + 1201*x - 1196*x. What is the units digit of l(20)?
4
Let x = 137 + -322. Let z = x + 466. What is the tens digit of z?
8
Let g be (0 + -24)*(-780)/45. Suppose 57*f - g = 56*f. Suppose -f = -3*m + 208. What is the tens digit of m?
0
Suppose -i - 1087 = 1029. Let k = -1142 - i. What is the tens digit of k?
7
Let w be -2 - (7/21)/(1/(-6)). Let x(n) = 18 - 7*n + n**2 + 2*n**2 + w*n - n**2. What is the tens digit of x(6)?
4
Suppose -2856 = 10*x - 78*x. Let o(w) = -w**3 - 3*w**2 + w + 4. Let y be o(-6). Let a = y + x. What is the units digit of a?
8
Let d(v) = -13*v - 17. Let n(s) = -4*s**2 + 10*s + 2. Let q be n(6). Let x = q - -67. What is the units digit of d(x)?
8
Suppose 6*h - 522 = -36. Suppose 79*l - h*l + 738 = 0. What is the tens digit of l?
6
Suppose -26*h = 67 - 353. Let w(s) = s**2 + 22. What is the tens digit of w(h)?
4
What is the thousands digit of (9300/93)/(2/146)?
7
Let j(w) = 913*w + 13617. What is the units digit of j(72)?
3
Let p(g) = -g**3 - 13*g**2 + 13*g - 21. Let y be p(-14). Let j(n) = 11*n**2 - 29*n - 34. What is the hundreds digit of j(y)?
7
Let d(p) be the third derivative of p**4/12 + 21*p**2. Let x be d(1). Suppose x*u = 310 + 112. What is the units digit of u?
1
Let n(k) = -k**3 - k**2 + 13*k - 41. Let q be -1*-2*(-26)/4 + 5. What is the hundreds digit of n(q)?
3
Let k(h) = 12*h**2 + 50 + 29*h**2 - 34*h**2 + 18*h. What is the tens digit of k(-8)?
5
Let s be 11/(99/1086) + (-1)/(-3). Let t = -16 + s. Suppose t + 0 = g. What is the tens digit of g?
0
What is the hundreds digit of (-130)/(-12 + (-6904)/(-576))?
3
Let y(p) = -2*p**2 + 25*p - 39. Let h = 594 - 584. What is the units digit of y(h)?
1
Suppose 5*f + 1777 = t + f, -5*t + 4*f + 8885 = 0. Suppose 7*c = 4*c + 2*c. Suppose c = -6*d - 481 + t. What is the units digit of d?
6
Suppose 8*k - 4845 = -5133. Let v(o) = -o**3 - 3*o**2 - 2*o + 6. Let d be v(-5). Let l = k + d. What is the units digit of l?
0
Let q(k) = -21 + 21 + 2*k**3 + 10*k + 51 + 15*k - 10*k**2 + 4*k. What is the units digit of q(10)?
1
Let b be ((-8)/(-4)*(-8)/(-4))/4. Let j be (-1)/b*21*(-5 - -10). Let p = j - -167. What is the units digit of p?
2
Let r = 123 + -118. Suppose -445 = r*n - t - 4778, 2613 = 3*n - 5*t. What is the units digit of n?
6
Suppose -10*w = 24 - 94. Let q(d) = d**3 - 4*d**2 + d - 57. What is the units digit of q(w)?
7
Suppose 0 = 3*a + q - 33, -37 = -3*a - 3*q - 4. Suppose 4*v - a*v = -1071. Suppose -3*w + 4*w = v. What is the hundreds digit of w?
1
Let a(k) = -k**3 - 7*k**2 + 9*k - 5. Let c be a(-8). Let w = c - -15. Suppose -260 = -2*p - w*p. What is the tens digit of p?
6
Let t(z) = -1341*z - 3825. What is the tens digit of t(-8)?
0
Suppose -2*d + 7*d = -2*c + 109, -92 = -4*d - 4*c. Suppose 17 - d = -t. Suppose 122 = v - t*b, 5*b + 352 = v + 2*v. What is the units digit of v?
4
Let s(h) = h**2 - 21. Let z be s(5). Suppose -4*i + 5*w = -1356, -i = -z*w - 0*w - 339. What is the units digit of i?
9
Let d(c) = 364*c - 379. What is the units digit of d(42)?
9
Suppose -117*h - 28*h + 1558148 = 27*h. What is the thousands digit of h?
9
Let p be (-5670)/(-280)*(-56)/(-3). Suppose -2*h + 2*g + 1008 = 202, -h + p = 4*g. What is the tens digit of h?
9
Let t(s) = -905*s + 666. What is the thousands digit of t(-14)?
3
Suppose -2*o + 3*b + 6 = -1, 0 = -2*o + 4*b + 10. Let h(s) = 28*s**2 - 3*s + 2. What is the units digit of h(o)?
3
Suppose -4*b + 13*m - 11*m + 60902 = 0, 5*b + 2*m = 76150. What is the ten thousands digit of b?
1
Suppose 0 = -4*q - 3*z + 2162, 0 = -5*q - 2*z + 1379 + 1327. Let d = 1090 - q. What is the hundreds digit of d?
5
Suppose -5*n + 4694 - 1664 = 0. Suppose -126 + n = 4*d. Suppose -9*s = -5*s - d. What is the units digit of s?
0
Let b be 4 - 8/20*5. Let m be b*(-5)/10 + -106 + 1. Let o = 199 + m. What is the tens digit of o?
9
Let y(q) = 17*q + 289. Let a be y(-16). Suppose -a*h + 2244 = -5967. What is the units digit of h?
3
Let w = -21776 - -55868. What is the tens digit of w?
9
Suppose 68*y - 711702 = 7*y + 4*y. What is the thousands digit of y?
2
Let h(g) = 176*g**2 + 2*g - 1. Suppose 0 = -2*b + 3*a - 0 + 17, -a = 5*b. Suppose -r + 0 = -b. What is the units digit of h(r)?
7
Let v be (28 + -12)*1/4*2. Suppose -20*i = v*i - 7616. What is the tens digit of i?
7
Suppose -8218*n + 8199*n = -130933 + 8934. What is the thousands digit of n?
6
Let k(r) = -r**2 + r + 3. Let p be k(-1). What is the tens digit of (-144 - (p + -3))/((-24)/36)?
1
Let l(q) = 54*q**2 - 118*q + 446. What is the hundreds digit of l(22)?
9
Let q(n) = 54*n - 14. Let w be q(7). Let v = w + 26. What is the hundreds digit of v?
3
Suppose -5*f - 2*k = -46497, 4*f - 4*k - 31161 - 6003 = 0. What is the units digit of f?
7
Let r(g) = g**2 + 14*g + 13. Let c be r(-12). Let i be (-930)/(-33) - (0 - 2/c). Suppose -35*m + 483 = -i*m. What is the units digit of m?
9
Suppose 35 - 89 = -3*h. Let w = h - 13. Suppose -3*v + 51 = z, -z + 4*v - 164 = -w*z. What is the units digit of z?
6
Let t = -148 - -153. Suppose -176 = t*u - 2276. What is the hundreds digit of u?
4
Suppose m - 69 = -4. What is the tens digit of (m/(-5))/(17/(-986))?
5
Suppose 761256 + 3392634 = 65*m. What is the tens digit of m?
0
Let u be -4*1/18*-12*174. Let y = u + -130. Suppose 5*i + 4*h + y = 913, -h - 344 = -3*i. What is the tens digit of i?
1
Suppose -a + 142 + 104 = -4*z, 4*z - 5*a = -238. Let b = z + 13. Let r = b - -110. What is the tens digit of r?
6
Suppose 2*q = 2*h + 19498, 21*q - 24*q + 2*h = -29247. What is the tens digit of q?
4
Let u be 2/(-6)*(-16 - -1). Suppose 0 = -t + 4*k - 16, -5*k + 5 = -u*t - 0*k. Suppose -1435 = -t*l - 3*l. What is the units digit of l?
5
Suppose i = -3*q + 6*q + 13293, 4*i = 2*q + 53222. What is the tens digit of i?
0
Suppose -10*a + 36 = 16. Let m(h) = -h + 2. Let s(g) = 61*g**2 + 7*g - 6. Let d(z) = a*m(z) + s(z). What is the tens digit of d(-2)?
3
Let w = 1 + 4. Suppose -857 = w*z + 998. Let k = -222 - z. What is the tens digit of k?
4
Let m(u) = 6*u**2 + 252. Let a be m(0). Suppose a = n - 178. What is the tens digit of n?
3
Suppose -4*h + 34998 + 25336 = f, 2*f = -2*h + 120716. What is the thousands digit of f?
0
Let a(y) = 7*y**3 - y**2 + y. Let p = 43 - 35. Suppose 3*u = 14 - p. What is the units digit of a(u)?
4
Suppose -3*r = -29 + 20. Suppose -5*u - r*p = -0*p - 545, -4*p + 20 = 0. What is the units digit of -3 - (-3 + 0 - u)?
6
Suppose -5*o - 346 = 364. Let i(q) = 238*q**2 + 34*q - 33. Let j be i(1). Let y = o + j. What is the tens digit of y?
9
Let k(j) = 173*j**3 + j**2 + 11*j - 19. Let i = 609 + -607. What is the thousands digit of k(i)?
1
Let z(i) = -4*i - 9. Let w be z(-3). Suppose w*f + 27 = -6*f. What is the tens digit of 2/(-4)*(-2 + -113 + f)?
5
Let u = 988 + -1001. Let r(y) = 6*y**2 + 23*y + 47. What is the hundreds digit of r(u)?
7
Let g = -2820 - -3695. What is the tens digit of g?
7
Let m(i) be the second derivative of i**4/4 + 5*i**3/3 + 7*i**2/2 + 3*i. Let u be m(-9). Suppose 3*k = u + 143. What is the hundreds digit of k?
1
Let t(w) = 60*w**3 - w**2 + 2. Suppose 6*r = -8*r + 14. Let g be t(r). Suppose -812 = -g*y + 54*y. What is the hundreds digit of y?
1
Let i(w) = 262*w + 9113. What is the hundreds di